te -2 - ((-18 - -1) + 10).
5
Calculate -10 + (6 + -2 - -4 - 8).
-10
What is -3 - ((2 + -9 - -4) + 2)?
-2
Calculate (-1 - (-12 + 13)) + (5 - -2) - -25.
30
(-1 - -1 - (-202 - -195)) + 0 + 5
12
What is (-1 - (3 - 2)) + 18 + (24 - 32)?
8
What is (1 + 1 - -3) + -297 + 273?
-19
What is (-1 - -2) + (11 + 1 - (-20 - -17))?
16
What is 4 + (-4 - (2 - (-8 - -4) - 1))?
-5
What is the value of (-21 + 29 - (4 + (4 - 11))) + 2?
13
Evaluate (-7 - (2 + -25)) + -21.
-5
Evaluate 0 + -15 + (8 - 3) + -1 + 5.
-6
What is (1 - 6) + (8 - (51 + -16))?
-32
What is the value of 35 - (8 - (16 + -9)) - (0 - -3)?
31
11 + (-21 - -22) + 3
15
What is 12 + (2 - 2) - (-8 - -3)?
17
What is -27 + -20 + 15 + 8?
-24
Evaluate -7 - (-12 - (13 + -6)).
12
What is the value of -12 + -1 + -1 + 3 + 6?
-5
(2 - (-9 + 6 + 6)) + -10 + 11
0
What is the value of 45 + (19 - 35) - 21?
8
Evaluate 9 + (5 - 10 - -3 - (-3 - 12)).
22
Calculate -1 + (-14 - -7) + 6 + 1 - -14.
13
What is -41 - ((-60 - -34) + -9)?
-6
Evaluate -3 + 2 + (-7 - ((2 - 4) + -4)).
-2
What is the value of -5 - (4 - (9 + -11 - -10))?
-1
19 - (10 + -25 + 30)
4
Evaluate 30 - (-2 + 14) - 18.
0
What is -651 - -649 - (2 - -11)?
-15
-29 - -6 - (4 - 15)
-12
Evaluate -3 + 1 + (-7 + -16 - (-5 + 2)).
-22
Evaluate (1 - -5) + (-23 - 6 - -21 - 2).
-4
Evaluate 3 + -7 + (-1 - 3) + 6.
-2
Calculate (12 - -25) + (38 - 111).
-36
What is the value of 39 + -15 + -35 + -6?
-17
What is the value of 0 - 1 - (13 + -2 - 8 - 9)?
5
Evaluate 4 - (7 - (7 - (3 - -6))).
-5
What is -6 + 1 + -16 + 20 + -4?
-5
Calculate -9 + -13 + (6 - -31) + 5.
20
Calculate 38 - (51 + 20) - -21.
-12
Calculate 0 + (-16 - -11) + 0 + -10.
-15
Evaluate -2007 - -1980 - (7 + -1).
-33
What is 9 - -5 - 32 - (0 - 12)?
-6
What is the value of (-1 - (12 - 9)) + 6 + -21?
-19
What is the value of 3 - (-27 + 0 - -27)?
3
-38 + -36 + 81 + -34
-27
What is -150 + 117 + (2 - -55)?
24
Evaluate (-7 - (-7 - (4 + -15))) + 0.
-11
-4 + (-20 - (-12 - 0) - -11)
-1
Calculate -33 + (5 - -7) - -15.
-6
(0 - 8) + -29 + 39 + 9 + -18
-7
-2 + -3 + 17 + (18 + -8 - 13)
9
Evaluate -26 - (13 - 30) - (-2 + -18).
11
Evaluate (0 + -2 - (16 - 10)) + -6.
-14
What is 17 + (-23 + 17 - 22)?
-11
Evaluate (1 - -10) + 43 + 6 + -42.
18
Calculate (4 - 22) + -50 + 58.
-10
What is 317 + -312 - (-12 - (-2 + 4))?
19
What is the value of (435 - 448) + 0 + 0 + 23?
10
5 + (-7 - -3) + 0 + 6 + -11
-4
Evaluate 76 - 72 - (0 - (-34 - -1)).
-29
What is the value of -3 + (2 - 10) + 75 + -73?
-9
What is 4 - 18 - (-114 + 96)?
4
Evaluate (-6 - -1) + 190 + -158.
27
What is the value of (0 + 1 - (0 + -1 + 8)) + 0?
-6
Calculate (2 - (-21 + 16)) + -5 + -1.
1
(5 - (17 - 7) - -9) + 4 + 1
9
Evaluate (1 - -15) + -4 + -7 + 13.
18
What is the value of -17 - ((-11 - -7) + (-1 - -3))?
-15
-3 + (-14 - -24 - -7) + 16
30
0 + (-1 - -8) - (-55 - -77)
-15
What is the value of 2 - (4 - (0 + 7 + (-6 - -3)))?
2
Calculate -5 - (8 + (-15 - -10)).
-8
Evaluate (-20 - (2 - 1)) + (3 - (-2 + 3)).
-19
-4 + 15 + (11 - 10)
12
What is the value of 17 + 0 - (-14 - -4 - -57)?
-30
What is -18 - (13 + -10 + 9 + (-8 - 3))?
-19
What is the value of (0 - -28) + -135 + 118?
11
Evaluate (5 + -12 - (-4 - 22)) + -9.
10
2 - (6 + (-8 - -1) + -1)
4
Calculate -1 - (-12 + (0 - -8) - (0 + 1)).
4
What is the value of 16 - 9 - (23 + -7 + -2)?
-7
What is 3 + 8 + 8 + -1 + -11?
7
What is -15 + 8 + 5 + -15?
-17
Evaluate -12 + (0 - 3) + (0 - 9) + 10.
-14
Evaluate (-1 - 11) + (11 - (-10 + 23)).
-14
Evaluate (239 - 243) + -38 + 3.
-39
Calculate 2 + (0 - -6) + -3 + -5 - 1.
-1
What is the value of 16 - ((3 - -26) + -28)?
15
-8 - (6 - (27 + -6))
7
What is the value of (55 - 16) + (-9 - 20)?
10
What is the value of (1 - 12) + (14 - 6) + -12 - -4?
-11
21 + (0 - 1 - 1) + 7618 + -7628
9
(-30 - -78 - 37) + -2 + 3
12
What is -4 + 89 + -73 + 1 + -4?
9
Evaluate (-3 - 0) + 7 - 12 - (-3 - -2).
-7
Calculate (2 - (4 + 2)) + -137 + 122.
-19
What is 3 + -5 + (3 - 11) + 15 + -1?
4
What is the value of 19 - -9 - (9 + 4) - (1 + -6)?
20
-18 - ((-3 - -17) + -20)
-12
What is the value of (6 - 0) + 4 + (-16 - -13 - 16)?
-9
4 + -4 + -89 + 56
-33
What is -4 + -2 + 40 + -44 - -5 - -16?
11
What is (4 - 4) + 8 + -4 - -9?
13
Evaluate -10 - (7 + 4 + -4 + -6).
-11
What is (-6 + (15 - 19) - 0) + 1 + 0?
-9
What is (-2 - -3) + -1 - (-30 + 41 - 10)?
-1
(0 - -1 - (-48 + 38)) + -13
-2
What is -42 - ((7 - 16) + -2 - 0 - -7)?
-38
Evaluate (-5 - (-3 + (5 + -3 - -5))) + -28.
-37
Calculate (-1 - 1) + 28 - (-320 - -334).
12
Evaluate 1426 + -1414 - ((5 - 4) + (7 - -1)).
3
Evaluate -8 + (-15 - -3 - -18).
-2
What is the value of -21 + -42 + 58 - ((1 - -1) + 12)?
-19
27 + -12 + -2 + 3 + -6
10
Calculate -22 - (-15 + 9) - -23.
7
What is the value of -12 + (39 - 26) + 9 + 4?
14
Evaluate 20 + (-14 - -9 - (7 - 4)).
12
What is 12 + (-3 - 2) + 11 + -6 - 5?
7
What is the value of (6 - (-6 - -10)) + 24 - (25 - 18)?
19
What is (5 - -48) + -51 + -1 + -25?
-24
What is 1 - (8 + (4 - (11 + -6)))?
-6
What is the value of -7 + (-9 - (-4 - 15)) - (-1 + 0)?
4
-8 - (-13 - -7 - -11)
-13
-6 - (-4 - (-2 - 3)) - (11 - 10)
-8
-10 - (-12 + (12 - 9)) - 7
-8
Calculate (-1 - 30) + (-275 - -304).
-2
5 - (-17 - -13) - (-15 - (-1 - 1))
22
What is the value of 4 + 0 + 3 + -5 - (499 + -484)?
-13
Evaluate (6 - -2 - 0) + -41 + (-2 - -12).
-23
What is the value of -9 + (17 - 12) + -7?
-11
What is 37 - (53 + -30) - (-3 - 0)?
17
13 + -20 + 1 + 1 + -1
-6
What is the value of -4 + (-8 + 6 - 2) + 26 + 8?
26
Evaluate -10 + (5 - 5) - 7 - (-1 - -2).
-18
Evaluate 12 + 5 + (-7 - 1).
9
Evaluate 2 - (-3 + (0 - 25) + 12).
18
-33 + 22 - (1 + -12)
0
What is the value of (-50 - -9) + 41 + -25?
-25
Calculate 6 - (3 + (9 - 5) + -3).
2
What is 13 + -17 + -3 + 4?
-3
-8 + (0 + 22 - (29 + -9 + -29))
23
What is 16 + (-10 - (5 + (-13 - -3)) - 3)?
8
What is the value of 4 + 0 + 0 - (62 - (2 + 58))?
2
Evaluate -4 + (-2 - (-13 + 8) - 11 - -13).
1
What is 25 - (-35 + 54) - 32?
-26
What is (0 - (16 - -3)) + -10?
-29
Evaluate -2 - (11 + 11) - -14.
-10
Calculate 6 + (-1 - -5 - 2) + 24 + -5.
27
What is the value of -44 + 31 + (2 - -7) - -29?
25
Evaluate 1 - 42 - ((-38 - -75) + -45).
-33
What is the value of 39 + -2 + -87 + 58?
8
What is 5 + 1 - (-1528 + 1497)?
37
Calculate -7 + (0 - (1 - -10)) + 2.
-16
What is 1 - 4 - (-5 - 5 - -4)?
3
What is the value of (31 + -4 - 13) + -14?
0
What is -19 - -7 - -7 - -18?
13
Evaluate 8 - ((-4 - (2 - 1 - 3)) + 5).
5
What is the value of 88 + -72 - (-3 + 12)?
7
Evaluate (-2 - 2) + (17 + -27 - 4).
-18
What is the value of (-493 - -539) + -13 + -3?
30
8 - (1 + -4 + -2 + (-3 - -6))
10
Evaluate -2 + 18 + 19 + -46 - 18.
-29
Calculate -143 - -119 - (1 + -21).
-4
Calculate 3 + 7 + (6 - 2) + 0 + -4.
10
What is the value of (11 - 26 - (1 + 20)) + 10?
-26
Evaluate 17 + (-1 - (2 - -7)) - 8.
-1
(-9 - (-17 - -47)) + 14 + 0
-25
What is the value of -16 + 113 + -44 - 23?
30
What is 0 + 14 + (-3 - -6)?
17
What is the value of -7 + (13 + -14 - 13)?
-21
Calculate -8 + -2 + 10 + -2 + -8 + 1.
-9
What is (19 + 0 - 30) + 13?
2
298 + -278 + (-44 - 0)
-24
Calculate -38 - -41 - (-36 + (5 - 3 - -3)).
34
Evaluate -8 + 2 + -7 + 1.
-12
Evaluate (-8 - (-3 + 6)) + 6.
-5
Calculate -5 + (-4 - 9) + 16 - (1 + 0).
-3
Calculate (20 - 1) + 182 + -222.
-21
Calculate (-5 - (-2 - -2)) + -1 - (-2 - -11).
-15
What is the value of -3 + (-9 - -4) + 13?
5
Calculate -3 + -13 + 6 + 21.
11
What is 29 + -9 + -16 + 14?
18
What is (19 + -1 - (-67 - -90)) + 30 + -4?
21
Calculate -11 + -47 + 49 - -7.
-2
What is the value of (-8 - -6) + (1 - 6) - 8?
-15
Evaluate 3 - (6 + 3) - (-12 - -4).
2
What is -16 - (-1 + 1) - (358 + -387)?
13
What is 1 - -3 - 4 - (1 + -6) - 27?
-22
What is -307 - -298 - ((-2 - 8) + 1)?
0
Calculate (-3 - 0 - -11) + -53 + 43.
-2
Evaluate 23 + -45 - (-2 + (4 - 1) + -5).
-18
What is the value of (-10 - -2) + 3 - (-3 - -2) - 1?
-5
Evaluate -2 + 36 - ((-7 - -17 - 1) + -12).
37
What is -4 - ((6 - 1) + -293 + 284)?
0
What is 2 - -1 - (66 + -70 - (-6 + 0))?
1
(1 - 3) + 5 + (-233 - -235)
5
What is the value of -5 - (-17 - -11 - (-10 - 1))?
-10
What is the value of (1 - -5) + -6 + -1?
-1
Evaluate 5 + (2 - -3) + (-1 - -6) + -5.
10
What is the value of -13 - (-2 + -1 + -7)?
-3
Calculate -29 + (34 - 9) + (4 - (-1 + 0)).
1
What is -11 + (-5 + 16 - (40 - 23))?
-17
18 + -11 + -18 + 10
-1
(5 - (-24 - -43)) + 4
-10
What is the value